 - ((49 - 62) + 5).
111
What is the value of 4 + 0 - (714 - 657)?
-53
Calculate -48 - (-1 + -30 - (-63 + 63)).
-17
What is the value of (-38 - 3) + 167 + (34 - 96)?
64
What is 7 + -1 + -284 + 264 + 94?
80
Evaluate 122 + -27 - (217 + -64).
-58
13 + -4 + 13 + -31 + 19
10
What is -168 - -115 - -211 - 134?
24
5 - -6 - (1 + (54 - 33)) - (0 + -83)
72
Evaluate 9473 + -9430 + (0 - 89).
-46
What is the value of -27 - (-82 - -75 - (-5 - -14))?
-11
9 + (-13 - 0) - -11 - 53
-46
-71 + -49 + 32 + 38
-50
Calculate -3 - (4 - -2) - (-19 + 0 + 14 + -29).
25
Calculate 83 + -75 + 0 + (-1 + 1 + -12 - -3).
-1
-13 + (-15 - (44 - (30 + -25)))
-67
Evaluate 10 + (297 - 283 - (1 - -26)) - (-7 - 2).
6
What is (19 - -4) + 7 + -85 + 24?
-31
(125 - (34 + (13 - 25) - 28)) + -6
125
What is the value of (-7 - (31 - 26)) + 20 - 56?
-48
What is -13 - -3 - (-28 + (63 - (-3 - -32)))?
-16
What is 42 + (1 + -42 - (1887 + -1938))?
52
-47 - (59 + -107) - (-4 - (-3 + 2))
4
What is the value of (2 - 1) + (61 - (15 - (30 - 43)))?
34
Evaluate (-9 - (7 + -17)) + (-4 - -29) - 6.
20
What is (-1 + 68 - (362 - 363)) + 4 + -14?
58
What is the value of -2 + (-40 + 22 + 7 - (-12 + 5))?
-6
Evaluate -1 - 5 - 1 - -4 - (-10 + -41).
48
Evaluate (-9 - -1) + 11 + -5 + 3 + (-1 - 6).
-6
What is (509 - 490) + -7 + -1 - 4?
7
-35 - (-22 - (93 + -30)) - -27
77
Calculate (-9 - 0) + (13 - (-4 + -82 + 6)) + -12.
72
What is -1 + (28 - (-38 - -34))?
31
Calculate -29 + -5 + (11 - (-2 + (-15 - -11))).
-17
Evaluate (-23 - (-23 + -15)) + (-22 - -50).
43
Evaluate 58 + (-52 - (-16 - -53)).
-31
What is 41 + -18 + -30 - (-10 - 2) - (38 - 2)?
-31
What is 85 + -113 - -4 - (0 - 64)?
40
Evaluate -7 - (12 + 9 + 60) - (58 + -68).
-78
-20 - 0 - ((59 - 65) + -9) - 40
-45
What is the value of 1 - (3 + 0 + 0 + 4 - (-1006 - -1022))?
10
What is 62 + 33 + 1 + (18 - -4)?
118
Evaluate -40 + (2 - -13) + -1 - -10.
-16
Calculate 3 + 72 + (-14 - -27 - -3) + -19 + -4.
68
What is (131 - 92) + (-27 - (2 - 6))?
16
Calculate -2 + -1 - (33 + -6 - (54 + 36)).
60
What is -3 - (-29 + -25 + -8 + 37)?
22
Calculate -813 - -718 - (3 + (2 - -1)).
-101
-7 + ((-22 - -34) + (-10 - 0) - 28)
-33
What is -4636 - -4579 - (1 + -1)?
-57
What is (24 - -2) + (7 + 89 - 144)?
-22
What is the value of -51 - (35 + -115) - 13?
16
Calculate 16 + -77 + -532 + 616.
23
Calculate 144 + -236 + 113 - 11.
10
What is the value of 11 + -2 - (2 + -20 + (94 - -7))?
-74
What is (-1 - (26 + -43 - 0)) + -27?
-11
Evaluate 23 + -70 + 27 - ((0 - 14) + 19).
-25
Evaluate 3 - -5 - (-1 - (-2 + 3)) - (66 - 9).
-47
What is the value of -65 + (-7 - (7 + 4) - -14) + 11?
-58
What is (-14 - -17 - (11 + -13)) + 26 - (1 - -8)?
22
What is the value of 34 + -27 - (4 + (4 - (16 - 8)) + 8)?
-1
Evaluate 118 + 3 + -121 + 129 - (1 + 17).
111
Calculate 2 + (-1 - -4) + (-68 - 11 - -22).
-52
17 + -4 + 7 + -13 + 5 - -30
42
Calculate -55 + (-5 - (5 - 58)).
-7
What is 39 + (8 + (0 - (-4 - 9)) - 8)?
52
What is the value of (5 + -4 - -4 - (36 - 25)) + (11 - 3)?
2
-13 - (-21 - -39) - -12 - -27
8
-1 + 5 + 1 - (-2341 + 2266) - 4
76
What is (-1 + 2 - -7) + (39 - (-1 + -11 + 22))?
37
Calculate -4 + 5 + 9 - (-3 - (-43 + 91)).
61
What is -135 + (150 - 20) + 60?
55
What is the value of -14 + (-2 + 2 + 31 + -36 + -3 - 1)?
-23
What is 0 + (33 - (3 - (0 - (15 + -2))))?
17
Calculate (-1 - 5) + (119 - 121) - (-1 + -43 - -4).
32
What is 213 + -222 - (-40 - (-2 + 9 - (14 - 12)))?
36
-32 - ((-42 - 5) + 28)
-13
What is the value of 24 - ((13 + -9 - (5 - 7)) + 7)?
11
Evaluate 16 - (8 + 10) - 30 - 57.
-89
5 + (13 - 40 - 2) - (-8 + 3)
-19
159 - 156 - ((-4 - -3 - -131) + (-19 - -15))
-123
What is (17 - 33 - -15) + (-32 - (-11 - -1))?
-23
Calculate -122 + 149 + (11 - (6 + -3)).
35
42 + 15 + -84 + 20
-7
Evaluate 21 + (6 - 0) + 1918 + -1923.
22
-34 + 144 + -11 + -58
41
What is the value of -41 - -110 - (-15 - -135)?
-51
What is -28 - (7 - (6 - -11) - (-11 + -3)) - -4?
-28
What is 126 + 1 + -5 - (-31 + 70 + -18)?
101
69 + -51 + -95 - -115
38
What is 31 + 18 + (34 - 42)?
41
Calculate -6 + (87 - (18 - (-5 + 2))).
60
What is (87 - 28) + -52 + -63 + -1?
-57
What is -9 + -47 + (-39 - (14 + -39))?
-70
Calculate (-60 - -58) + -156 + 190.
32
What is the value of (-31 - (2 - 33)) + (3 - -1) - 30?
-26
Evaluate (10 - 2 - 22) + (3 - -3) + 35.
27
(-19 - -4) + (45 - -4) + 13 + -2
45
What is the value of 10 + -34 + 18 + -1 + 26 + -1?
18
Evaluate 5 + 2 + 10 - 50 - -2.
-31
Evaluate -8315 + 8331 - (-59 + -2).
77
Evaluate -7 - ((-33 - -13) + 2 + 68) - 23.
-80
What is the value of -977 + 969 - (-1 - (0 + 2 + 14)) - 93?
-84
-47 + (6 - -63) - (0 + 34)
-12
Evaluate -23 + -20 + (41 - -14 - 3).
9
What is 9 - ((27 + -2 - ((12 - -19) + -19)) + -26)?
22
Calculate (25 - -30) + -107 + (2 + 0 - -12).
-38
-10247 + 10308 + (-119 - 1)
-59
58 + (4 - (15 + -17 + 8)) + -7
49
What is the value of 9 - 1 - (-45 + 3 - (157 + -266))?
-59
Calculate -13 + 0 + -1 - (-36 + 42).
-20
Calculate -3 + 23 + 5 + (-10 - -22) + -138.
-101
What is the value of -30 - 29 - (6 + -85)?
20
Evaluate -48 + 28 + -7 + -5 + 18.
-14
What is 0 + 141 + (1457 - 1537)?
61
(2 - -9 - -31) + (-9 - -8) - (-3 + -8)
52
Evaluate 35933 + -35907 - ((1 - 1) + 61).
-35
Evaluate (32 - 21) + (-2 - (18 - -10)).
-19
-2 - (6 - ((18 - -6) + -14))
2
What is the value of 14 - (98 - ((1 - (-5 - -19)) + -8 - -13))?
-92
-11 + 2870 + -2970 + 10 + -1 + -2 + 4
-100
(2 - 11) + (294 - 410) + (3 - -2)
-120
What is the value of 4 + -3 + -14 - (4 - (-18 - (-14 - -74)))?
-95
What is the value of 13 + 38 + -57 + -19 + -3?
-28
What is 22 + (5 + -10 + 2 - (25 + -16))?
10
17 - (-9 + 17) - (-21 + 44 + -35)
21
Evaluate -1 + -190 - (19018 - 19106).
-103
Calculate 15 + -83 + 215 - 52.
95
-144 + (46 - -27) + -1 + 6 + 3
-63
-55 - (-17 + (-25 + 13 - -17))
-43
What is the value of (2 - -7) + 15 + -14 + -3 + 6 + -5?
8
What is -7 + -25 + 11 - 21 - 29?
-71
10 - (-16 + 12 + (-2 - -7) + (-4 - -73))
-60
What is the value of -17 - ((22 - 14 - 39) + 92)?
-78
Calculate -4 - (0 + -1 - -3 - (60 + (90 - 16))).
128
Evaluate (-1 - (-1 + -10)) + (1 - 49) + 2075 + -2049.
-12
33 - (10 - (-37 + (-10 - -33)))
9
What is the value of (44 + -40 + 39 - -64) + 45?
152
Evaluate -6 - -2 - (17 - (73 - 89)).
-37
What is the value of -9 - 7 - (-61 + -4 + 20)?
29
Calculate (-2 - (228 - 148)) + (42 - -1).
-39
384 + -430 + (0 - -16)
-30
What is the value of -31 + -3 - (-23 + -4 + -5 + 20)?
-22
What is the value of -2 - -60 - (-815 - -842)?
31
Evaluate -5 + (-8 - -21) + (-8 - 5) + 10.
5
What is 2 + 20 + -228 + 266 + -1 + -4?
55
Calculate 1 + -59 + (-1126 - -1217).
33
What is 0 + (81 - 19) - (-13 - (10 - 4))?
81
What is the value of ((-20 - (10 + -18)) + 9 - (-25 + 15)) + 21?
28
Calculate 28 - ((402 - 386) + (-18 - 1 - -1)).
30
What is -29 - (-2 + (0 - -21) + -42 + 46)?
-52
(-7 - (-2 + -3) - -14) + -11 + 1 + -17
-15
Evaluate (17 - (-6 + 38)) + 0 + 2.
-13
1236 - 1196 - (150 - -4 - -1)
-115
What is (-4 + -39 + 36 - -17) + 63?
73
What is -85 + 93 + 40 - 37?
11
Calculate -42 + (43 - -48) - 16.
33
What is the value of 137 + -72 + 21 + (-8 + 5 - 0)?
83
What is -18 - ((118 - 19) + -51)?
-66
What is the value of -5 - (-5 - -3 - (-10 - -5)) - (10 - -18)?
-36
Calculate -25 + (996 - 1005 - (1 + -8)).
-27
What is 11 + (-14 - 0) + (16 - 5) + -11 + -34?
-37
Evaluate 7 + 54 - ((39 + -45 - (-2 - 1)) + 2).
62
What is the value of -38 + (32 - (-18 - -45) - 66)?
-99
What is the value of (-8 + (10 - (2 - 6)) - -7) + 0?
13
What is 5 + -5 - 19 - (-30 - (-75 + 49))?
-15
What is -1092 - -1085 - (-15 + -1)?
9
What is 17 - (15 + 13 + 11)?
-22
(0 - (32 - 9)) + 129 + -27
79
-1 - 0 - 1 - (-68 + (-7 - -63))
10
45 - (-2 - ((-19 - 14 - (-10 - 2)) + 11))
37
Evaluate 38 + -327 + 117 - -91.
-81
-12 + -19 + 58 + -9 + -7 - -78
89
4 - (-2 + -37 - -22) - 18
3
Calculate (20 - 1) + 25 + -53 + 24.
15
-75 - (28 + -95 - -71)
-79
(0 + -8 + 28 + -8 - 18 - -12) + 86
92
What is -3 + 5 + 1 + -3 - (67 - (-1 - -45))?
-23
What is (-5 - -13 - -38) + -8 - (30 - 17)?
25
What is -1 - (-7 - 61 - -44)?
23
Calculate (150 - 159) + (5 - 81) - -29.
-56
5 + (-16 - (9 + -22)) + -8
-6
4 + 1 - (50 + 49 + -85) - -74
65
Calculate 20 - (15 - -1) - (10 - -1).
-7
-95 - (5 + -36 - (-9 - 6)) - -15
-64
What is -44 + (-27 - -24) - -51?
4
What is 36 + (-112 - 6) - -4?
-78
32 + -11 + 1 + -15 - -3 - (0 + 22)
-12
What is -1 + -6 + -14 + 13 + -6 - -7 - -69?